ue
Let j be (-308)/(-66)*(-24)/(-14). Let s be (-8)/(-2) - (10 - j). Suppose p = -s*p + 6657. Is p composite?
True
Let m(x) = 2*x + 265. Let u be 31/(-2*(-4)/(-8)). Let t = -31 - u. Is m(t) prime?
False
Let f(i) = 5536*i**3 + i**2 + 3*i - 4. Let u be f(1). Let k = u + -1593. Is k composite?
False
Let a(w) = -525*w + 97807. Is a(0) composite?
True
Let p(g) = -6*g**3 - 41*g**2 - 8*g + 15. Let t(k) = 5*k**3 + 40*k**2 + 8*k - 14. Let b(j) = -6*p(j) - 7*t(j). Let x be b(22). Is (-2)/(4 - x/(-1492)) composite?
False
Let i = 28527 + -8894. Suppose -11*o + i + 21188 = 0. Is o a composite number?
True
Let s be (-127)/25 + (-20)/(-250). Is (-1117)/s*(9 + -4) a composite number?
False
Is -19 + (-7)/(126/(-6366096)) prime?
True
Let x(q) = 16 + 6*q**2 + 0*q**2 + 7*q**2. Let z = 315 + -308. Is x(z) composite?
False
Suppose 0 = -7*y + 10*y - 4539 - 5250. Is y prime?
False
Let q be (-11)/4*(-4 + 0) + 3. Let n(f) = -7 - 1336*f**3 + f - 3*f + q - 8. Is n(-1) prime?
False
Suppose 3*q - 25165 = -5*t + 6*q, -2*q = 0. Is t composite?
True
Suppose -30*j + 26*j + 2200 = 0. Suppose -k + 1770 = -j. Suppose -4*i = 5*d - 425 - k, -558 = -d + i. Is d composite?
True
Let d(n) = -2*n. Let m(k) = 488*k - 59. Let x(g) = 5*d(g) - m(g). Is x(-4) composite?
True
Let j = 30 + -33. Let u be (-4)/8*-15*(-2)/j. Suppose 2*z = -10, 0*z - 181 = -2*q - u*z. Is q composite?
False
Suppose 3*f - 2*q = 7*f - 999888, 0 = 5*q - 20. Is (7/(-2) - -2)/((-35)/f) composite?
True
Is (-24845650)/(-270) - 12/(-162) composite?
True
Let j be 1*((-3)/(-18) + (-10)/(-12)). Let u be ((16/6)/4)/(j/6). Suppose 2*h - x + 161 = 3*h, 0 = -u*h - x + 644. Is h a composite number?
True
Let f(s) = s**3 + 4*s**2 - 5*s - 13. Let h be f(-3). Suppose -113267 = -0*a - h*a. Is a prime?
False
Suppose 0 = -200*q - 48*q + 60392216. Is q prime?
True
Suppose -4*j + 3*d + 0 = -17, 2*j - 2*d = 10. Let b(t) = 2143*t - 15. Is b(j) prime?
True
Let p = 0 - -42. Let m(y) = 12 + 42*y + 41 - p*y + y**2. Is m(0) composite?
False
Is 6/(-7) - 1087934666/(-1274) composite?
True
Let n(r) = -2*r**2 - 2*r - 54. Let j be n(0). Let f be (27/j)/(2/(-2972)). Let z = f + -112. Is z a prime number?
True
Let i(c) be the third derivative of -1/6*c**4 - 18*c**2 + 7/60*c**5 + 0 + 5/2*c**3 + 0*c - 1/120*c**6. Is i(-11) composite?
False
Let c(i) = 2*i**2 - 4 + 4 + i**3 + 3 + 4. Let h be c(-3). Is (57 - (-6 - -2)) + h*1 a composite number?
False
Let g = -36 + -17. Let v = -53 - g. Suppose v = -3*a + 16 - 1, -3*t + a = -52. Is t composite?
False
Let g(a) = 7*a**3 + 16*a**2 - 6*a - 10. Let v be g(-7). Let i = 2834 + v. Is i composite?
False
Let a(t) = 903*t**2 + 19*t - 47. Let r be a(4). Suppose 10*m - r - 34053 = 0. Is m a prime number?
False
Let y = 29 - 17. Is 14497 - (y/(-3) - 2) composite?
False
Suppose 4*h - 66622 = 4*g - 1080190, 5*g - 2*h - 1266951 = 0. Is g a composite number?
True
Is 20/15*(-1)/(8/(-188142)) a prime number?
True
Let z = 209 - 207. Let q(t) = 73*t**2 - 3. Is q(z) a composite number?
True
Suppose 8*q - 4082588 = -49*q + 2378533. Is q composite?
True
Suppose -17 = -5*d + z, 6*z - 16 = -2*d + 11*z. Suppose -2*y + d*v + 8071 = 0, -9*v + 4 = -5*v. Is y composite?
True
Let j be (6 - 2) + -3 + 2. Let r(b) = 17*b**3 - 6*b**2 + 6*b - 1. Is r(j) prime?
False
Suppose 15 = 2*n + 3*b, n + b - 6 - 3 = 0. Suppose 8*l - 5*l - n = 0. Let x(h) = 105*h - 17. Is x(l) prime?
False
Let y(p) = -p**3 + p**2 - 4*p + 21. Let k be y(0). Is 6/(9/90 + k/390) composite?
True
Suppose 0 = -273*i + 40564490 + 100821391. Is i a composite number?
True
Let r = -82996 + 219203. Is r a composite number?
False
Let q(h) = 232*h**2 + 3093*h + 17. Is q(-30) prime?
True
Suppose 21*d - 55431 = -9798. Is 24/(-4) - (-6 - d) a composite number?
True
Suppose 77766 = 4*b - 2*z, 0*z + 58322 = 3*b + z. Is b a prime number?
True
Suppose -61*l + 71*l - 380 = 0. Suppose -41*t + 10221 = -l*t. Is t a composite number?
False
Is -31 + 686/22 - 2/((-44)/132634) a composite number?
False
Let b(i) = -i**2 - 13*i - 20. Let c be b(-10). Let k(y) = -y**2 + 10*y + 5. Let g be k(c). Suppose -6*f = -g*f - 1061. Is f a prime number?
True
Suppose 5*q + 2*y - 458 = 0, -q + 4*y - 196 = -3*q. Suppose -3*h + 7*h + 5*k - q = 0, -4 = -2*k. Is (-265)/(-2)*8/h a prime number?
True
Suppose -6*t = -1822637 + 602741. Suppose 9*g - t = -3*g. Is g a composite number?
False
Let m(k) = 113721*k**2 - 42*k + 59. Is m(2) composite?
False
Suppose -9*m = -8*m + 3*p - 14690, 73410 = 5*m + 5*p. Let k = m - 3309. Is k a composite number?
False
Suppose -l + 6 = 2*a + 2, 0 = -5*l + 4*a + 34. Suppose l*h = -3*m + 2*h + 8239, 0 = -4*h - 8. Let u = m + -1458. Is u prime?
True
Let u = -2948 - -581. Let n = 1420 - u. Is n a prime number?
False
Let m(t) = 24 + 235 - 75 - 14*t + 117. Let d(b) = -5*b + 100. Let v(c) = -17*d(c) + 6*m(c). Is v(0) a composite number?
True
Let p = 8 + -12. Let w(u) = -4*u - 75. Let k be w(-43). Is p + k - (6 - 2) prime?
True
Suppose 2*t - 18 = -n, 4*n - 2*t = 2*t + 36. Let w = 17 - n. Is 940/w - (1 + 0) a composite number?
True
Let n = 249 + -249. Suppose n = t + 2*h - 5958 + 1133, -4*h + 14481 = 3*t. Is t composite?
False
Suppose 0 = -2*j + 3*j. Suppose -5*x = -m + 5252 + 39487, j = 4*m + 2*x - 178912. Is m a prime number?
True
Let v = 228 + -236. Is (-1508)/(-6) + (v - -6)/6 prime?
True
Suppose -2*r = 5*b - 262, 102 = 2*b - 0*b - 2*r. Suppose z + 11 = y, 5*y - z - b = z. Let a(h) = 6*h**2 - 20*h - 6. Is a(y) prime?
False
Let g be (144/40)/((-4)/(-10)). Suppose -93741 = -g*x - 10590. Is x a prime number?
True
Let n be (-32434)/(-4) - (-3)/6. Suppose 0 = 3*w - n + 3138. Let o = -984 + w. Is o composite?
False
Suppose 93*l = 45353116 - 10249429. Is l a prime number?
True
Suppose -4*p + 448 = -4*b - 1348, 0 = 5*b + 20. Suppose 0 = 4*r - 8769 + p. Is r composite?
False
Let h = -50787 - -113649. Suppose 4*f - h = -2*y, 4*f - 35146 - 27717 = -3*y. Suppose -5*j + 2*u + f = -u, -5*u = 0. Is j prime?
False
Suppose -5*o + 25181 = 4*m, m + 3*o - 25179 = -3*m. Let h = -2183 + m. Is h prime?
True
Let h(r) = 2348*r**2 - 232*r - 29. Is h(-10) a prime number?
True
Suppose -3*n + 27 = -3*s, 2*s + 57 = 5*n - 0*s. Suppose 8*z - 8 = y + n*z, 0 = -z - 2. Suppose -5*p + 0*w = 4*w - 2693, -2*p + 1076 = y*w. Is p composite?
False
Let f(n) = 72*n**3 - 6*n**2 + 37*n - 29. Is f(10) composite?
False
Let d be (-16)/(-10)*65/26. Suppose -2437 = -d*p + 3*y, -4*p + 5*y + 652 + 1791 = 0. Suppose 4*l - 4*o + p - 2507 = 0, 0 = -o - 2. Is l a prime number?
False
Let h(b) = -3*b**3 - 11*b**2 - 20*b - 1. Suppose 320 = -13*i + 9*i. Let u = -90 - i. Is h(u) composite?
False
Let o be (-14)/(-4)*(-93 - 1). Let l(i) = -2*i**2 - 9*i - 63. Let f be l(15). Let n = o - f. Is n composite?
True
Suppose 4*i + 3*x - 294325 = 0, -243*i = -240*i + 5*x - 220730. Is i composite?
True
Let k(w) = -172*w**3 + 20*w**2 + 7*w - 47. Is k(-14) a prime number?
False
Suppose -3*l - 4*c - 11660 = 0, -8*l = -11*l - 5*c - 11659. Let i = 5937 + l. Is i composite?
True
Suppose -4*q - 26 = -2. Let u be (-1917)/6*q/9. Let w = 106 + u. Is w composite?
True
Let b = 8435 + -4747. Let y = b + 3303. Is y prime?
True
Suppose 22*b - 2916039 = -3*n + 20*b, n - 971999 = -3*b. Is n composite?
False
Let h(m) = -2*m**3 - 2*m**2 - 3*m - 3. Let r be h(-2). Let z = -5625 + 8751. Suppose -z = 5*t - r*t. Is t prime?
True
Suppose 6*y - 566953 = -c, -149*y + 3*c = -146*y - 283494. Is y a prime number?
False
Let n(p) = -221*p - 3. Let v(x) = 24 + 441*x - 2 - 10 - 6. Let j(l) = -5*n(l) - 3*v(l). Is j(-11) a prime number?
False
Suppose -4*c + 111 = 23. Is (-3 - -1)/(c/(-10109)) a composite number?
False
Suppose -241*l - 24 = -245*l. Let o = -1 + 2. Is o/5*12727 + l/(-15) a composite number?
True
Let f(r) be the second derivative of 23*r**5/5 + r**4/3 + r**3/6 - r**2/2 + 60*r. Is f(2) a prime number?
False
Is (-49664925)/(-1275) + (-4)/(-34) a prime number?
True
Suppose -h + 20 - 15 = 0. Suppose l = 2*n - 870 - 55, 2*n = -3*l + 905. Suppose -s - n = -h*s. Is s a prime number?
False
Suppose c - 27525 = 6846. Let p = c - 20834. Is p prime?
True
Is (-106509)/(-4) + (-8)/(32/1) composite?
False
Let u(o) = o**3 - 3*o**2 - 6*o - 3. Let k be u(5). Suppose 4*v - k = 11. Suppose 0 = 11*w - v*w - 716. Is w prime?
True
Let v(d) = -9*d**3 + 3*d**2 - 2. Let s(b) = -b**2 - b + 1. Let j be s(-2). Let r